3*h - 3*j - g, -3*h + 55 = -2*j. What is the units digit of h?
7
Let m be 16/6 + 4/(-6). Suppose 2 = 4*g - 10. What is the units digit of 4 + (-8)/m + g?
3
Let r = 3 + -10. Let k be 12*2 - 6/2. What is the units digit of 30/k*r/(-1)?
0
Let h(m) = 5*m**2 - 7*m + 9. What is the tens digit of h(2)?
1
What is the units digit of (7 + -100)/(1 + (-21)/12)?
4
Suppose 4*f + 3 - 23 = -3*j, 0 = -3*j + 5*f + 29. Suppose j = l + l. What is the units digit of (-9)/12 - (-15)/l?
3
Let i(m) = m**3 - 15*m**2 + 15*m + 5. What is the tens digit of i(14)?
1
Let t(o) = -o**2 + 14*o + 1. Let y be t(12). Let n = y - -28. What is the tens digit of n?
5
Let t(s) = 2*s**2 - 8*s + 7. What is the tens digit of t(5)?
1
Let i(y) = -y + 1. Let v(p) = -6*p**2 - 2*p + 6. Let o(j) = 4*i(j) - v(j). Let l be (-4)/14 + (-16)/(-7). What is the units digit of o(l)?
8
Suppose 2*r - j - 68 = 0, 9 = 2*r + 3*j - 43. What is the units digit of r?
2
What is the units digit of 2 - (-78)/(1 - -2)?
8
Let q be ((-129)/6)/((-2)/4). Suppose 0 = 3*m + 2 + 13. What is the units digit of (-2)/m - q/(-5)?
9
Let n = 2 - -5. Let u be n*2 - 9/(-3). What is the units digit of u*-1*(-1 - 0)?
7
What is the units digit of (-1)/(0 + (-1)/14)?
4
Suppose 4*k - g = -6*g + 21, 0 = -k - 5*g - 6. Let s = k + -13. Let o = s + 9. What is the units digit of o?
5
Suppose 12 = 3*p - 12. Let d = p + 10. What is the units digit of d?
8
Let k = 49 + -5. What is the units digit of k?
4
Suppose 5*n - u = 3*u - 46, n = -2*u + 2. Let q be n/(9/(-3)) + -2. Suppose -y - 2*l + 8 = q, -4*l = -3*y - 2*l + 64. What is the units digit of y?
8
Suppose m - v = 2*v + 17, 4*m - 3*v = 23. Let g(k) = k**m + 4*k + 6 - 5*k - 2. What is the units digit of g(0)?
4
Let a = -6 - -42. What is the units digit of a?
6
Let i(v) = v + 16. What is the units digit of i(-12)?
4
Let y(g) = 0*g - g + g**2 + 5*g**2 - 5*g**2. What is the units digit of y(4)?
2
Let z(o) = o + 6. Let g be z(-2). Suppose -g*k + 3*k = -1. What is the units digit of k?
1
Let n(l) = -2*l. Let y be n(-11). Let v = y + -10. What is the units digit of v?
2
Let s(w) = -w**2 - 14*w - 12. Let v be 1 - (-2 + 15 + 0). What is the tens digit of s(v)?
1
Suppose 0 = 3*s - 2*s - 1. Suppose f = 4*f - 72. Suppose 5*t - f = s. What is the units digit of t?
5
Let p(t) = -t**3 - t**2. Let u be p(-3). Let m be 1/(-3) - (-42)/u. Suppose -2*g + 54 = m*g + 5*z, 3*z - 39 = -3*g. What is the units digit of g?
1
Let d(j) = j - 3. Let o be 6/12*(1 + 13). Let g be d(o). Suppose 0 = 9*t - g*t - 30. What is the units digit of t?
6
Suppose 0 = 4*p - 2*p - 32. Suppose -p = -a + 3*z + 11, 0 = a + 3*z - 27. What is the tens digit of a?
2
Suppose q - 90 = -2*q. Let h(c) = -c - 3. Let p be h(-6). Suppose 0 = -p*d + n + 20 - 2, -5*d - 4*n + q = 0. What is the units digit of d?
6
Let g = 28 + 1. What is the tens digit of g?
2
Let z be (-1)/(28/104) + 6/(-21). Let n be 1 - (0 + 1 + -12). Let x = n + z. What is the units digit of x?
8
What is the tens digit of (-2)/(-3)*(6 + 15)?
1
What is the units digit of (-4 - (-162)/(-12))*(-24)/10?
2
Let g = -16 - -147. What is the tens digit of g?
3
Let a(s) = -72*s - 2. Let t be a(4). What is the units digit of 4/(-22) - t/22?
3
What is the units digit of 370/(-25)*10/(-4)?
7
Let i(d) = d**3 - 11*d**2 + 9*d + 7. Let t be i(10). What is the tens digit of t/(-1*3/15)?
1
Suppose 0 = -3*d + 3*f + 159, -5*d - 3*f = -2*d - 129. What is the units digit of d?
8
Let o be ((-9)/(-4))/((-5)/(-500)). Suppose 57 = 6*y - o. What is the tens digit of y?
4
Let g = 3 - -203. What is the units digit of g?
6
Let t(b) = 7*b. What is the tens digit of t(6)?
4
What is the units digit of (70/(-4))/((-4)/24)?
5
Let o(x) = -x**2 + 11*x - 3. Let f be o(6). Suppose w = 4*w - f. What is the units digit of w?
9
Suppose 4*h - 60 = h. What is the tens digit of h?
2
Let t(u) = u**3 - 2*u + 4*u**2 - 4*u + 5*u + 2. Let l be t(-4). Suppose 4*y = -2*s + 6*s + 36, 0 = 3*s - l. What is the units digit of y?
1
Let z = 1 - 2. Let j be (z + -47)/(-3) - 1. Suppose -4*h = 4*l + l - j, -2*l + 6 = 2*h. What is the units digit of l?
3
Suppose -5*h + 74 = -61. What is the tens digit of h?
2
Let k(r) = -17*r + 10. Let f be k(-5). What is the units digit of ((-4)/(-5))/(2/f)?
8
Let y(v) = -v**2 + 11. Let j be y(0). Suppose 3*p = -0*p - 21. Let i = p + j. What is the units digit of i?
4
Suppose -2*g = 1 - 5. Suppose g*p = -9 + 1, 5*p - 23 = -z. What is the tens digit of z?
4
Suppose -105 - 183 = -4*x. What is the units digit of x?
2
Suppose 4*h = d + 2*d, -4*h = -12. Suppose -2*i + 5*q + 60 = 0, i - q = d*q + 35. What is the tens digit of i?
2
What is the hundreds digit of (0 - 3) + (3 + 150)*1?
1
Let n(b) = 4*b**2 - 10*b + 10. Let i(g) = 9*g**2 - 20*g + 21. Let c(q) = 3*i(q) - 7*n(q). Let u be c(9). Suppose u*v = -2 + 4. What is the units digit of v?
1
Suppose 0 = n - 2*n + 24. Suppose 4*w - n = 2*o, 0 = o - 6*o - 2*w - 48. What is the units digit of (-15)/(-3)*(-4)/o?
2
Let f(c) = -c**3 - 13*c**2 - 7*c - 2. Let i(q) = -q**3 - 12*q**2 - 6*q - 2. Let z(x) = -5*f(x) + 6*i(x). What is the units digit of z(-7)?
5
Let q(t) = t**3 + 7*t**2 + 3*t - 2. Let k = 3 - 9. Let a be q(k). Let m = -11 + a. What is the units digit of m?
5
Let o = -57 + 120. Let f = o + -18. What is the units digit of f?
5
Let x(i) = -i**3 - 8*i**2 - 11*i - 4. Let o be x(-7). Let g(c) = -c**3 + 3*c + 1. Let h be g(-2). What is the units digit of 2 - h/((-9)/o)?
0
Let t = -2 - -2. Let o = t + 2. Suppose 0 = o*s - 10, 20 = 3*i - 2*i + 3*s. What is the units digit of i?
5
Let q be (-18)/(-8) + (-1)/4. Suppose q*p + 5*v - 25 = 0, -5 = -2*p - 2*v + v. Suppose w + 0*w - 19 = p. What is the tens digit of w?
1
Let x(d) be the third derivative of d**5/60 - d**4/8 - d**3/6 + 4*d**2. Let l(p) be the first derivative of x(p). What is the tens digit of l(7)?
1
Let k(l) be the third derivative of -l**5/60 - 5*l**4/24 + 5*l**3/6 - l**2. Let n(f) = f. Let g(b) = k(b) - 4*n(b). What is the units digit of g(-9)?
5
Let d = -31 - -64. What is the tens digit of d?
3
Let p = -3 + 5. Let n(o) = -5*o**3 + 0*o**3 + 4*o**2 - 1 + 4*o**3 - o - 3*o**p. What is the units digit of n(-1)?
2
Let j(s) be the second derivative of s**5/20 + s**4/6 - s**3/3 - s**2/2 + 2*s. What is the units digit of j(-2)?
3
Suppose -4*k + 2 = -3*i, 5*i - 3*k - 1 + 8 = 0. What is the units digit of (0/3 + i)*-9?
8
Let u = 212 - 143. What is the tens digit of u?
6
Suppose -3*y + y = -64. What is the units digit of y?
2
Let x(c) = 2*c**2 - c - 2. Let j be x(3). Let u(d) = 2 - j*d + 2 - 5. What is the tens digit of u(-1)?
1
Suppose 4*o - 2*z - 2*z - 8 = 0, 3*o = 5*z + 4. Suppose -4*y = -5 - o. Let t = y - 1. What is the units digit of t?
1
What is the units digit of 264/(-8)*(-42)/9?
4
Let w(u) = 3*u + 5. What is the units digit of w(0)?
5
Let u(o) = -o**3 - o**2 + 244. What is the units digit of u(0)?
4
Suppose -o - 4*o - 61 = -2*r, -48 = 3*o - 5*r. What is the units digit of o/(-2) - 2/4?
5
Suppose -o + 2*v + 39 = -v, 0 = v + 5. What is the units digit of o?
4
Let h = -12 + 22. Let r = 25 - h. What is the units digit of r?
5
What is the tens digit of (36/21)/((-2)/(-49))?
4
Let l = -23 - -35. Suppose 48 - l = a. What is the units digit of a?
6
What is the units digit of (-4)/(-20) + 174/5?
5
Let l be 0/((3 - 1) + -4). Suppose o + 0*o - 34 = l. What is the units digit of o?
4
Let n = 11 + -9. Suppose n*i - 93 = -i. What is the tens digit of i?
3
Let v be 1 - (12/3 - -1). Let o(l) = -6*l - 3. Let k be o(v). Let u = -9 + k. What is the tens digit of u?
1
Suppose 513 = -61*t + 64*t. What is the units digit of t?
1
Suppose 10 = h + 4*h + 2*b, 4*h - 8 = 4*b. Suppose y = -0*o - 3*o + 62, o + h*y - 29 = 0. What is the tens digit of o?
1
Suppose -21*x = -9*x - 348. What is the tens digit of x?
2
Suppose -64 = -5*j - 4. What is the tens digit of (-26)/(-6)*j/4?
1
Suppose 0 = 4*z + 2*n + n - 5, -5*z - 2 = n. Let a be 1*-2 - 7*z. Suppose i - a = -4. What is the units digit of i?
1
Suppose -4*s = -a + 2*a + 18, 2*s = -a - 12. Let n(y) be the third derivative of -y**6/120 - y**5/10 - y**4/24 + 2*y**2. What is the units digit of n(a)?
6
Let s(f) = f - 3. Let r be s(3). Suppose r*p + 9 = 3*p. What is the units digit of (p/6)/((-1)/(-2))?
1
Suppose 2*p = 58 + 14. Suppose -p = -3*z + 3. What is the units digit of z?
3
L